et j(s) = 1. Let n(k) = 4*j(k) + 3*p(k). Let i(q) = -g(q) - 6*n(q). Give i(-6).
1
Let x = 27 - 30. Let z(y) = -y**2 - 6*y - 3. Determine z(x).
6
Let n(w) = 2*w**3 + 3*w**2 - 2*w - 3. Let v(o) = -o**3 - o**2 + o + 1. Let u(t) = n(t) + 3*v(t). Suppose -119*p + 9 = -110*p. What is u(p)?
0
Suppose -r - 4*n = -3*r - 4, 2*r + 2*n + 4 = 0. Let k = -5 - r. Let m(s) = s + 2*s - 4*s. Give m(k).
3
Let f(j) = -j + 5. Let c be 2/6 - 3/9. Suppose l + 3*a = 7, -5*l + c*l + 17 = -3*a. Calculate f(l).
1
Suppose a - 46 + 49 = 0. Let i(v) = -v**3 - 4*v**2 - 3*v + 4. Calculate i(a).
4
Let k(r) = -2*r**3 - 19*r**2 - 19*r - 11. Let f(v) = -v**3 - 10*v**2 - 10*v - 6. Let g(b) = -5*f(b) + 3*k(b). Give g(-5).
-18
Let i(f) = 2*f**3 + 3*f**2 + 3*f + 3. Let k(s) = 3*s**2 + 5 - 2 + s**3 - 1 - 4. Let n be k(-3). What is i(n)?
-7
Let j(s) = -s**3 - 6*s**2 - 6*s - 6. Let b(t) = 5*t + 1. Let x(c) = c. Let g(q) = b(q) - 2*x(q). Let a be g(-2). Calculate j(a).
-1
Let a(u) = 3*u**3 + 2*u**2 - 2*u + 1. Let f be a(1). Let q(b) be the third derivative of 0*b + 1/6*b**3 + 0 + 1/24*b**4 - b**2. Determine q(f).
5
Let z(r) be the third derivative of -r**5/60 + r**4/8 + 26*r**2. Calculate z(3).
0
Let i(l) = -11*l**2 + 3*l - 2. Let d(z) = -22*z**2 + 7*z - 5. Let u(f) = -2*d(f) + 5*i(f). What is u(1)?
-10
Let u(l) = l + 1. Let o be (4 + -10)*(-12)/1. Let y be o/32 + 6/8. Calculate u(y).
4
Let c(q) = -q**2 - 5*q + 7. Let a = -53 + 48. Determine c(a).
7
Suppose -h + 0 + 7 = 0. Let r(g) = g**2 - 6*g - 10. Let o be r(h). Let t(b) be the second derivative of -b**4/12 - 2*b**3/3 + b**2/2 + 3*b. Determine t(o).
4
Let w(u) be the third derivative of u**4/6 + u**3/3 - 2*u**2. Let n = -9 - -15. Let d = -10 + n. Determine w(d).
-14
Let q(j) = -5*j - 10. Let h(s) = -4*s - 9. Let i(z) = 6*h(z) - 5*q(z). Let c be i(7). Let f(l) = l**3 - 3*l**2 + l + 4. What is f(c)?
7
Let o(f) = -6*f + 3. Let v(p) = 5*p - 2. Let t(w) = 4*o(w) + 5*v(w). Let q(u) = 4*u + 2. Let m be q(-2). Give t(m).
-4
Let t(o) = 4 + o**3 + 4*o + 2*o - 12*o + 13*o + 7*o**2. Give t(-6).
-2
Let f(c) = -21*c + 9. Let i(m) = -14*m + 6. Let h(x) = -5*f(x) + 7*i(x). Let b be 21/7*4/6. Give h(b).
11
Let p be ((-6)/4)/(3/4). Let s(v) = 2*v**3 + 3*v**2 - v - 2. What is s(p)?
-4
Let b(f) = -f**3 + 5*f**2 + 2*f - 5. Let r be -3*4/(-12) - -2. Suppose -z = -y, -r*z = 4*y - 0 - 35. What is b(z)?
5
Let o be ((-5)/(-3))/(1/3). Let c(n) = -7*n**3 + 10*n**2 - n - 5. Let t(w) = w**3 - w**2 + w. Let s(r) = -c(r) - 6*t(r). Determine s(o).
5
Let k(z) be the third derivative of z**5/60 + z**4/24 + z**3/3 - z**2. Let j(p) = p**3 + 5*p**2 + p + 7. Let w = -9 - -4. Let a be j(w). Give k(a).
8
Let k be (16/(-12))/(4/(-9)). Let j(p) be the first derivative of p**3/3 - 2*p**2 - p - 3. Let d(x) be the first derivative of j(x). Calculate d(k).
2
Let b(x) be the second derivative of -1/20*x**5 + 1/3*x**4 - 3/2*x**2 + x**3 + 0 + x. Let j be (-1)/(-2) + 45/10. Give b(j).
2
Let l(j) be the third derivative of -j**5/60 + 7*j**4/24 - j**3/2 + 5*j**2. Calculate l(3).
9
Suppose 3*w + 0*w = 0. Let b(o) = -o**2 - o - 10. Determine b(w).
-10
Let t(c) = c**3 - 3*c**2 - 2*c + 1. Let l(s) = 4*s - 26. Let p be l(7). Calculate t(p).
-7
Let y be (-32)/(-1 + 3) + 0. Suppose q + 3*q = 5*b + 44, -5*b + 22 = 2*q. Let m = y + q. Let h(u) = -u**2 - 5*u - 6. Determine h(m).
-6
Let o(j) = -j**2 - 8*j. Suppose -4*d + 3*d - 6 = 0. Give o(d).
12
Let k(b) = -2*b**2. Let u(z) = -13*z + 4*z - 4*z**2 + 3*z**2. Let r be u(-9). Suppose -j + 2*j + 1 = r. What is k(j)?
-2
Let z(m) = m**2 + m - 1. Let g(u) = 7*u**2 + 5*u - 2. Let w(s) = g(s) - 6*z(s). Determine w(0).
4
Let d(a) = -a**3 - 4*a**2. Let s be 2 - 5 - -3 - (-2)/(-1). Determine d(s).
-8
Let v(i) = -i**3 + i + 2*i - 2*i**2 + i. Suppose -8 = 2*c - 2. Give v(c).
-3
Let q(g) = 2*g**3 - 11*g**2 + 9*g + 7. Let y(s) = -s**3 + 6*s**2 - 5*s - 4. Let b(o) = 4*q(o) + 7*y(o). Suppose 2*a - 2 = 0, 0*a = -2*p - 4*a + 6. Give b(p).
0
Let t(c) = 3*c**3 + 7*c**2 + 5*c + 11 - 18 + 7*c. Let j(a) = -a**3 - 2*a**2 - 4*a + 2. Let l(d) = 11*j(d) + 4*t(d). Let h = -9 + 4. Determine l(h).
-1
Suppose -11*m + 12*m + 7 = 0. Let n(h) = h + 3. Determine n(m).
-4
Suppose 0 = 3*n - 2*l - 465, 3*l + 89 = n - 66. Let f be n/(-55) - 6/33. Let a(t) = -2*t**2 - 3*t - 2. Determine a(f).
-11
Let z(p) = p**3 + p**2 - 7. Suppose -5*t = 82 - 22. Let r be 1*t/(-10)*5. Suppose 5*x = -20, 3*x = r*k - k - 12. Give z(k).
-7
Let m(c) = c - 7. Let s be m(16). Let r(q) = -q**2 + 10*q - 6. Calculate r(s).
3
Let h be 2 - (-2)/(-4)*0. Let k(s) = -s**3 + s**2 - 2*s + 1. What is k(h)?
-7
Suppose 0 = 3*i + 2*i - 25. Let g(o) be the second derivative of 3/2*o**2 - 1/20*o**i + 1/4*o**4 + 0 + 0*o**3 - o. Determine g(3).
3
Let b(f) = -f**2 + f + 3. Suppose d - 21 = 5*o, -5*o - 8 = -o - 3*d. Let g be (0 - 6/(-15))*o. Let t be (-1 + 1)/(-1 + g). What is b(t)?
3
Let w(k) = -14*k - 14*k - 7*k + 36*k. What is w(5)?
5
Suppose 0 + 3 = l. Let g(z) = -1 + 3*z**3 - 5*z**2 - 4 - 2*z**l + 3*z + 4. Calculate g(3).
-10
Let q(z) = -3*z + 3. Let n be 54/(-14) + 15/(-105). What is q(n)?
15
Let q(w) = -w - 1. Suppose 8*h = 3*h + 10. Suppose -2 = h*i + g, 5*i - i + 2 = -g. Calculate q(i).
-1
Let a(d) = 3*d - 1. Let j(m) = -3*m + m - m + 1. Let t(n) = -4*a(n) - 3*j(n). What is t(-1)?
4
Suppose 15 = 6*x - x. Let c(h) = 5*h**2 + 8 - 3 + 0*h - 2*h - h**x. Calculate c(5).
-5
Suppose 4*f - 6 = 6. Let m(o) = 0*o + f + o + 0*o. Calculate m(0).
3
Let b(n) = -n**2 + 3*n - 1. Let x be b(1). Let v(i) = 17*i - 1. Give v(x).
16
Let m(c) = -3*c - 1. Let t(r) = r + 3. Let g(h) = 4. Suppose -1 = -4*q - 13. Let z(o) = q*g(o) + 4*t(o). Let n(s) = 3*m(s) + 2*z(s). Determine n(3).
-6
Suppose 2*n + 10 = s, -2*s - 4*n - n - 25 = 0. Let q(m) = -m**2 + m + 2. Let b(t) = 2*t**2 - 3*t - 3. Let z(i) = 2*b(i) + 5*q(i). Give z(s).
4
Let s(r) = -12*r + 1. Suppose 4 = -2*d, -d - 2*d = -3*k. Determine s(k).
25
Let i(t) = 4*t + 5. Let u(x) = -12*x - 11. Let r(s) = 13*s + 11. Let a(z) = 3*r(z) + 4*u(z). Let b = 7 + -14. Let j(m) = b*i(m) - 3*a(m). Calculate j(5).
-7
Let l(w) = -w + 3. Let u(v) = v. Let r(a) = l(a) + 2*u(a). Let k be r(-3). Let z(y) = k*y + 3 - 6*y**2 - 7*y - 8 - y**3. Calculate z(-5).
5
Let s(d) = -d**2 - 10*d - 1. Suppose 3*b = -3*c - 18, 0 = 4*c - 3*b + 2*b + 19. Give s(c).
24
Let v(z) be the first derivative of z**3/3 - z + 15. Let i(x) = -x**3 + 4*x**2 - 3*x - 3. Let t be i(3). Determine v(t).
8
Let w(u) = -u**3 + 3*u**2 + 5*u - 1. Let k be w(4). Suppose -k*c = -p - 6, 6 = -c + 2*p + p. Let s(m) = 2*m. What is s(c)?
6
Let t be (-1 - -3)*(-22)/(-4). Let v be t/3 + 2/(-3). Let j(a) = v - 6 + a**2 + 4 + 3*a. Give j(-3).
1
Suppose w = -4*u + 24, 2*u + 5*w = 15 + 15. Let z(o) = o**3 - 6*o**2 + 5*o + 5. Give z(u).
5
Let r(h) be the third derivative of -h**4/24 - 5*h**3/6 + h**2. What is r(-3)?
-2
Let p(j) = j**2 + 3*j - 2. Suppose -4*g = -2*w - w + 26, -w + 2*g = -12. Suppose w*m - 6*m - 32 = 0. Let s = m - -5. Give p(s).
-2
Let n(y) = y**2 - 1. Let r(v) = 4*v**2 + v - 4. Let j(u) = -3*n(u) + r(u). Determine j(1).
1
Let a(t) = t**2 - 6*t - 3. Let l be 9/(0 + 12/8). Give a(l).
-3
Let d(q) = q**3 - 6*q**2 + 6*q. Suppose 3*x = 7*x + 12. Let c = -5 - x. Let l be 20/5 - 0/c. Determine d(l).
-8
Let h(b) = b**2 - 7*b - 5. Suppose v + 48 = 7*v. Determine h(v).
3
Let h(m) = m**3 + m**2 + m + 1. Let g(n) = -4*n**3 - 6*n**2. Let y(i) = -g(i) - 3*h(i). Determine y(-3).
6
Suppose -y - 4*u + 23 = 0, 0 = -4*y - 2*u - u + 27. Let w(m) = -4 + 3 - m - 4 - y. Suppose -4*l = -4*k + 2*k + 22, -l = 3*k + 9. Calculate w(l).
-2
Let d(j) = j**3 + 6*j**2 - 7*j - 4. Let v be (-7)/((1/1)/1). Let u be d(v). Let h(a) = a**3 + 3*a**2 - 7*a - 5. Give h(u).
7
Let p(s) = s + 1. Suppose 4*c - 4 - 12 = 0, 0 = z + 3*c - 32. Let t = 14 - z. Give p(t).
-5
Let q(k) = 13*k**2 + 9*k - 7. Let c(g) = -7*g**2 - 4*g + 3. Let i(d) = 5*c(d) + 2*q(d). What is i(1)?
-10
Let u = 1/7 + 5/14. Let y(i) be the second derivative of 3*i - u*i**2 + 0*i**3 + 0 + 2/3*i**4. What is y(-1)?
7
Let b(k) = k - 2. Let s(u) = -u**2 + 3*u + 1. Suppose 4*v + v - 3*y + 5 = 0, 21 = -2*v + 5*y. Let t be s(v). Give b(t).
1
Let d(z) = -1. Let r(n) = n - 2. Let c(u) = -4*d(u) + 3*r(u). Give c(4).
10
Let v be 1 - 1 - (0/(-2) + -2). Let y(r) be the first derivative of 0*r**2 - r + 2/3*r**3 + v. Give y(1).
1
Supp